{"id":10,"date":"2026-03-09T22:19:11","date_gmt":"2026-03-09T21:19:11","guid":{"rendered":"https:\/\/codziennymetabolizm.eu\/?page_id=10"},"modified":"2026-03-09T22:19:11","modified_gmt":"2026-03-09T21:19:11","slug":"strona-g-owna","status":"publish","type":"page","link":"https:\/\/codziennymetabolizm.eu\/?page_id=10","title":{"rendered":"Strona g\u0142\u00f3wna"},"content":{"rendered":"<h1 dir=\"auto\">Witaj w pensjonacie Biesy<\/h1>\n<p class=\"body\" dir=\"auto\">Spok\u00f3j Bieszczad w rustykalnym stylu natury<\/p>\n<h3 dir=\"auto\">Galeria Biesy<\/h3>\n<p class=\"body\" dir=\"auto\">Zobacz ciep\u0142o i spok\u00f3j naszego pensjonatu w Bieszczadach.<\/p>\n<p><img decoding=\"async\" src=\"https:\/\/images.unsplash.com\/photo-1529781833076-5f422f69d1af\" alt=\"Rustic wooden facade of the Biesy guesthouse surrounded by lush greenery.\" \/><br \/>\n<img decoding=\"async\" src=\"https:\/\/images.unsplash.com\/photo-1526396130214-c9120f440977\" alt=\"Cozy interior corner with natural wood and stone elements, warm lighting.\" \/><br \/>\n<img decoding=\"async\" src=\"https:\/\/images.unsplash.com\/photo-1698050173871-2a8c132284b3\" alt=\"Sunset view over the rolling hills of Bieszczady from the guesthouse terrace.\" \/><br \/>\n<img decoding=\"async\" src=\"https:\/\/images.unsplash.com\/photo-1665930152500-26acb7c86076\" alt=\"Inviting bedroom with soft linens and wooden accents reflecting rustic charm.\" \/><br \/>\n<img decoding=\"async\" src=\"https:\/\/images.unsplash.com\/photo-1554030240-bdf5189ae786\" alt=\"Pathway through the forest near the guesthouse, showcasing local nature.\" \/><br \/>\n<img decoding=\"async\" src=\"https:\/\/images.unsplash.com\/photo-1696938118706-04146c3f5de7\" alt=\"Warm fireplace corner inside the pensjonat, perfect for relaxing evenings.\" \/><\/p>\n<h3 dir=\"auto\">O nas w Biesach<\/h3>\n<p class=\"body\" dir=\"auto\">Pensjonat Biesy to rustykalny azyl w sercu Bieszczad, gdzie natura spotyka si\u0119 z komfortem.<\/p>\n<p><img decoding=\"async\" src=\"https:\/\/images.unsplash.com\/photo-1701770574565-95b94c77d359\" alt=\"Cozy wooden cabin nestled among tall pine trees in the Bieszczady mountains during autumn.\" \/><br \/>\n<img decoding=\"async\" src=\"https:\/\/images.unsplash.com\/photo-1535384733953-abacc86c8564\" alt=\"Warm, inviting interior of a rustic guest room with wooden beams and soft lighting.\" \/><br \/>\n<img decoding=\"async\" src=\"https:\/\/images.unsplash.com\/photo-1677126571832-a131d18ad8af\" alt=\"Scenic view of Bieszczady hills at sunrise with mist rolling over the valleys.\" \/><\/p>\n<h3 dir=\"auto\">Nasza historia<\/h3>\n<p class=\"body\" dir=\"auto\">Od lat tworzymy miejsce, gdzie ka\u017cdy go\u015b\u0107 czuje si\u0119 jak w domu, otoczony bieszczadzk\u0105 przyrod\u0105.<\/p>\n<h3 dir=\"auto\">Nasze us\u0142ugi<\/h3>\n<p class=\"body\" dir=\"auto\">Komfort i spok\u00f3j w sercu Bieszczad \u2013 wszystko, czego potrzebujesz.<\/p>\n<h6 dir=\"auto\"><strong>Wy\u017cywienie<\/strong><\/h6>\n<p><img decoding=\"async\" src=\"https:\/\/images.unsplash.com\/photo-1567430851985-50fbcec4dacf\" alt=\"Cozy rustic dining area with wooden tables and warm lighting inside the pension.\" \/><\/p>\n<p class=\"body\" dir=\"auto\">Domowe posi\u0142ki przygotowane z lokalnych sk\u0142adnik\u00f3w ka\u017cdego dnia.<\/p>\n<p><img decoding=\"async\" src=\"https:\/\/images.unsplash.com\/photo-1655194911179-c1c7914a77c7\" alt=\"Relaxing spa corner with natural stone walls and wooden accents.\" \/><br \/>\n<img decoding=\"async\" src=\"https:\/\/images.unsplash.com\/photo-1599413143349-7e9b2a68a4ae\" alt=\"Scenic hiking trail winding through lush green Bieszczady forests.\" \/><\/p>\n<h6 dir=\"auto\"><strong>Spa<\/strong><\/h6>\n<p class=\"body\" dir=\"auto\">Relaksuj\u0105ce masa\u017ce i zabiegi w rustykalnej atmosferze pensjonatu.<\/p>\n<p class=\"body\" dir=\"auto\">Blisko\u015b\u0107 natury i szlaki turystyczne dla mi\u0142o\u015bnik\u00f3w aktywnego wypoczynku.<\/p>\n<h6 dir=\"auto\"><strong>Atrakcje<\/strong><\/h6>\n<h4 dir=\"auto\"><span>Zapisz si\u0119<\/span><\/h4>\n<p dir=\"auto\" class=\"body\">Otrzymuj oferty i last minute prosto do skrzynki<\/p>\n","protected":false},"excerpt":{"rendered":"<p>Witaj w pensjonacie Biesy Spok\u00f3j Bieszczad w rustykalnym stylu natury Galeria Biesy Zobacz ciep\u0142o i spok\u00f3j naszego pensjonatu w Bieszczadach. [&hellip;]<\/p>\n","protected":false},"author":1,"featured_media":0,"parent":0,"menu_order":0,"comment_status":"closed","ping_status":"closed","template":"","meta":{"site-sidebar-layout":"default","site-content-layout":"","ast-site-content-layout":"default","site-content-style":"default","site-sidebar-style":"default","ast-global-header-display":"","ast-banner-title-visibility":"","ast-main-header-display":"","ast-hfb-above-header-display":"","ast-hfb-below-header-display":"","ast-hfb-mobile-header-display":"","site-post-title":"","ast-breadcrumbs-content":"","ast-featured-img":"","footer-sml-layout":"","ast-disable-related-posts":"","theme-transparent-header-meta":"","adv-header-id-meta":"","stick-header-meta":"","header-above-stick-meta":"","header-main-stick-meta":"","header-below-stick-meta":"","astra-migrate-meta-layouts":"default","ast-page-background-enabled":"default","ast-page-background-meta":{"desktop":{"background-color":"var(--ast-global-color-5)","background-image":"","background-repeat":"repeat","background-position":"center center","background-size":"auto","background-attachment":"scroll","background-type":"","background-media":"","overlay-type":"","overlay-color":"","overlay-opacity":"","overlay-gradient":""},"tablet":{"background-color":"","background-image":"","background-repeat":"repeat","background-position":"center center","background-size":"auto","background-attachment":"scroll","background-type":"","background-media":"","overlay-type":"","overlay-color":"","overlay-opacity":"","overlay-gradient":""},"mobile":{"background-color":"","background-image":"","background-repeat":"repeat","background-position":"center center","background-size":"auto","background-attachment":"scroll","background-type":"","background-media":"","overlay-type":"","overlay-color":"","overlay-opacity":"","overlay-gradient":""}},"ast-content-background-meta":{"desktop":{"background-color":"var(--ast-global-color-4)","background-image":"","background-repeat":"repeat","background-position":"center center","background-size":"auto","background-attachment":"scroll","background-type":"","background-media":"","overlay-type":"","overlay-color":"","overlay-opacity":"","overlay-gradient":""},"tablet":{"background-color":"var(--ast-global-color-4)","background-image":"","background-repeat":"repeat","background-position":"center center","background-size":"auto","background-attachment":"scroll","background-type":"","background-media":"","overlay-type":"","overlay-color":"","overlay-opacity":"","overlay-gradient":""},"mobile":{"background-color":"var(--ast-global-color-4)","background-image":"","background-repeat":"repeat","background-position":"center center","background-size":"auto","background-attachment":"scroll","background-type":"","background-media":"","overlay-type":"","overlay-color":"","overlay-opacity":"","overlay-gradient":""}},"footnotes":""},"class_list":["post-10","page","type-page","status-publish","hentry"],"_hostinger_reach_plugin_has_subscription_block":false,"_hostinger_reach_plugin_is_elementor":false,"_links":{"self":[{"href":"https:\/\/codziennymetabolizm.eu\/index.php?rest_route=\/wp\/v2\/pages\/10","targetHints":{"allow":["GET"]}}],"collection":[{"href":"https:\/\/codziennymetabolizm.eu\/index.php?rest_route=\/wp\/v2\/pages"}],"about":[{"href":"https:\/\/codziennymetabolizm.eu\/index.php?rest_route=\/wp\/v2\/types\/page"}],"author":[{"embeddable":true,"href":"https:\/\/codziennymetabolizm.eu\/index.php?rest_route=\/wp\/v2\/users\/1"}],"replies":[{"embeddable":true,"href":"https:\/\/codziennymetabolizm.eu\/index.php?rest_route=%2Fwp%2Fv2%2Fcomments&post=10"}],"version-history":[{"count":0,"href":"https:\/\/codziennymetabolizm.eu\/index.php?rest_route=\/wp\/v2\/pages\/10\/revisions"}],"wp:attachment":[{"href":"https:\/\/codziennymetabolizm.eu\/index.php?rest_route=%2Fwp%2Fv2%2Fmedia&parent=10"}],"curies":[{"name":"wp","href":"https:\/\/api.w.org\/{rel}","templated":true}]}}